{"id":123,"date":"2024-10-30T08:52:20","date_gmt":"2024-10-30T08:52:20","guid":{"rendered":"http:\/\/2gether.hu\/?page_id=123"},"modified":"2025-09-25T11:04:11","modified_gmt":"2025-09-25T11:04:11","slug":"adatkezeles","status":"publish","type":"page","link":"https:\/\/2gether.hu\/?page_id=123","title":{"rendered":"Adatkezel\u00e9s"},"content":{"rendered":"\t\t<div data-elementor-type=\"wp-page\" data-elementor-id=\"123\" class=\"elementor elementor-123\">\n\t\t\t\t<div class=\"elementor-element elementor-element-61a7677 e-flex e-con-boxed e-con e-parent\" data-id=\"61a7677\" data-element_type=\"container\">\n\t\t\t\t\t<div class=\"e-con-inner\">\n\t\t\t\t<div class=\"elementor-element elementor-element-fb18684 elementor-widget elementor-widget-text-editor\" data-id=\"fb18684\" data-element_type=\"widget\" data-widget_type=\"text-editor.default\">\n\t\t\t\t<div class=\"elementor-widget-container\">\n\t\t\t\t\t\t\t\t\t<p>Adatkezel\u00e9si t\u00e1j\u00e9koztat\u00f3<\/p>\t\t\t\t\t\t\t\t<\/div>\n\t\t\t\t<\/div>\n\t\t\t\t\t<\/div>\n\t\t\t\t<\/div>\n\t\t<div class=\"elementor-element elementor-element-bfe1147 e-flex e-con-boxed e-con e-parent\" data-id=\"bfe1147\" data-element_type=\"container\">\n\t\t\t\t\t<div class=\"e-con-inner\">\n\t\t\t\t<div class=\"elementor-element elementor-element-ed9ff05 elementor-widget elementor-widget-text-editor\" data-id=\"ed9ff05\" data-element_type=\"widget\" data-widget_type=\"text-editor.default\">\n\t\t\t\t<div class=\"elementor-widget-container\">\n\t\t\t\t\t\t\t\t\t<p>Jelen t\u00e1j\u00e9koztat\u00f3, H\u00f3di \u00c9va E.V. \u00e1ltal \u00fczemeltett\u00a0<a href=\"http:\/\/www.2gether.hu\/\">www.2gether.hu<\/a> weboldalon (tov\u00e1bbiakban: weboldal) t\u00f6rt\u00e9n\u0151 szem\u00e9lyes adatok kezel\u00e9s\u00e9r\u0151l, v\u00e9delm\u00e9r\u0151l ny\u00fajt t\u00e1j\u00e9koztat\u00e1st. H\u00f3di \u00c9va E.V. (tov\u00e1bbiakban: Adatkezel\u0151) a weboldalon szerepl\u0151 szem\u00e9lyes adatokat a General Data Protection Regulation Az EUR\u00d3PAI PARLAMENT \u00c9S TAN\u00c1CS (EU) 2016\/679. RENDELETE \u00e9s a 2011. \u00e9vi CXII. tv. az inform\u00e1ci\u00f3s \u00f6nrendelkez\u00e9si jogr\u00f3l \u00e9s az inform\u00e1ci\u00f3szabads\u00e1gr\u00f3l sz\u00f3l\u00f3 t\u00f6rv\u00e9ny alapj\u00e1n kezeli.<\/p><p>Az Adatkezel\u0151 fenntartja mag\u00e1nak a jogot jelen t\u00e1j\u00e9koztat\u00f3 b\u00e1rmikori megv\u00e1ltoztat\u00e1s\u00e1ra, annak \u00e9rdek\u00e9ben, hogy a szem\u00e9lyes adatok kezel\u00e9se a hat\u00e1lyos jogszab\u00e1lyi k\u00f6telezetts\u00e9geknek megfeleljen.\u00a0 A weboldalon tal\u00e1lhat\u00f3 k\u00fcl\u00f6nb\u00f6z\u0151 dokument\u00e1ci\u00f3k, anyagok kiz\u00e1r\u00f3lag szem\u00e9lyes, nem kereskedelmi c\u00e9l\u00fa felhaszn\u00e1l\u00e1sa enged\u00e9lyezett, szerz\u0151i jogi v\u00e9delem alatt \u00e1llnak, enged\u00e9ly n\u00e9lk\u00fcli felhaszn\u00e1l\u00e1suk szerz\u0151i jogi, illetve v\u00e9djegyoltalomr\u00f3l sz\u00f3l\u00f3 jogszab\u00e1lyba \u00fctk\u00f6zhet.<\/p><p>Az Adatkezel\u0151 a weboldalon esetlegesen el\u0151fordul\u00f3 pontatlans\u00e1gok\u00e9rt, hi\u00e1nyoss\u00e1gok\u00e9rt nem v\u00e1llal felel\u0151ss\u00e9get.<\/p><p>JOGSZAB\u00c1LYI ALAPOK<\/p><ul><li>A 2011. \u00e9vi CXII. tv. az inform\u00e1ci\u00f3s \u00f6nrendelkez\u00e9si jogr\u00f3l \u00e9s az inform\u00e1ci\u00f3szabads\u00e1gr\u00f3l sz\u00f3l\u00f3 t\u00f6rv\u00e9ny (tov\u00e1bbiakban:\u00a0Info t\u00f6rv\u00e9ny)<\/li><li>Az Eur\u00f3pai Parlament \u00e9s a Tan\u00e1cs (EU) 2016\/679 sz\u00e1m\u00fa (2016. \u00e1prilis 27.), a term\u00e9szetes szem\u00e9lyeknek a szem\u00e9lyes adatok kezel\u00e9se tekintet\u00e9ben t\u00f6rt\u00e9n\u0151 v\u00e9delm\u00e9r\u0151l \u00e9s az ilyen adatok szabad \u00e1raml\u00e1s\u00e1r\u00f3l, valamint a 95\/46\/EK rendelet hat\u00e1lyon k\u00edv\u00fcl helyez\u00e9s\u00e9r\u0151l sz\u00f3l\u00f3 rendelet\u00a0(\u00e1ltal\u00e1nos adatv\u00e9delmi rendelet; a tov\u00e1bbiakban: GDPR)<\/li><\/ul><p>FOGALMAK<\/p><p>A jelen fogalmi rendszer megegyezik az Infotv.-ben \u00e9s a GDPR-ben meghat\u00e1rozott \u00e9rtelmez\u0151 fogalommagyar\u00e1zatokkal, \u00edgy k\u00fcl\u00f6n\u00f6sen:<\/p><ul><li>\u00c9rintett:b\u00e1rmely meghat\u00e1rozott, szem\u00e9lyes adat alapj\u00e1n azonos\u00edtott vagy \u2013 k\u00f6zvetlen\u00fcl vagy k\u00f6zvetve \u2013 azonos\u00edthat\u00f3 term\u00e9szetes szem\u00e9ly;<\/li><li>Szem\u00e9lyes adat: az \u00e9rintettel kapcsolatba hozhat\u00f3 adat \u2013 k\u00fcl\u00f6n\u00f6sen az \u00e9rintett neve, azonos\u00edt\u00f3 jele, valamint egy vagy t\u00f6bb fizikai, fiziol\u00f3giai, ment\u00e1lis, gazdas\u00e1gi, kultur\u00e1lis vagy szoci\u00e1lis azonoss\u00e1g\u00e1ra jellemz\u0151 ismeret -, valamint az adatb\u00f3l levonhat\u00f3, az \u00e9rintettre vonatkoz\u00f3 k\u00f6vetkeztet\u00e9s;<\/li><li>Hozz\u00e1j\u00e1rul\u00e1s:az \u00e9rintett akarat\u00e1nak \u00f6nk\u00e9ntes \u00e9s hat\u00e1rozott kinyilv\u00e1n\u00edt\u00e1sa, amely megfelel\u0151 t\u00e1j\u00e9koztat\u00e1son alapul, \u00e9s amellyel f\u00e9lre\u00e9rthetetlen beleegyez\u00e9s\u00e9t adja a r\u00e1 vonatkoz\u00f3 szem\u00e9lyes adat \u2013 teljes k\u00f6r\u0171 vagy egyes m\u0171veletekre kiterjed\u0151 \u2013 kezel\u00e9s\u00e9hez;<\/li><li>Tiltakoz\u00e1s:az \u00e9rintett nyilatkozata, amellyel szem\u00e9lyes adat\u00e1nak kezel\u00e9s\u00e9t kifog\u00e1solja, \u00e9s az adatkezel\u00e9s megsz\u00fcntet\u00e9s\u00e9t, illetve a kezelt adat t\u00f6rl\u00e9s\u00e9t k\u00e9ri;<\/li><li>Adatkezel\u0151:az a term\u00e9szetes vagy jogi szem\u00e9ly, illetve jogi szem\u00e9lyis\u00e9ggel nem rendelkez\u0151 szervezet, aki vagy amely \u00f6n\u00e1ll\u00f3an vagy m\u00e1sokkal egy\u00fctt az adat kezel\u00e9s\u00e9nek c\u00e9lj\u00e1t meghat\u00e1rozza, az adatkezel\u00e9sre (bele\u00e9rtve a felhaszn\u00e1lt eszk\u00f6zt) vonatkoz\u00f3 d\u00f6nt\u00e9seket meghozza \u00e9s v\u00e9grehajtja, vagy az adatfeldolgoz\u00f3val v\u00e9grehajtatja;<\/li><li>Adatkezel\u00e9s:az alkalmazott elj\u00e1r\u00e1st\u00f3l f\u00fcggetlen\u00fcl az adaton v\u00e9gzett b\u00e1rmely m\u0171velet vagy a m\u0171veletek \u00f6sszess\u00e9ge, \u00edgy k\u00fcl\u00f6n\u00f6sen gy\u0171jt\u00e9se, felv\u00e9tele, r\u00f6gz\u00edt\u00e9se, rendszerez\u00e9se, t\u00e1rol\u00e1sa, megv\u00e1ltoztat\u00e1sa, felhaszn\u00e1l\u00e1sa, lek\u00e9rdez\u00e9se, tov\u00e1bb\u00edt\u00e1sa, nyilv\u00e1noss\u00e1gra hozatala, \u00f6sszehangol\u00e1sa vagy \u00f6sszekapcsol\u00e1sa, z\u00e1rol\u00e1sa, t\u00f6rl\u00e9se \u00e9s megsemmis\u00edt\u00e9se, valamint az adat tov\u00e1bbi felhaszn\u00e1l\u00e1s\u00e1nak megakad\u00e1lyoz\u00e1sa, f\u00e9nyk\u00e9p-, hang- vagy k\u00e9pfelv\u00e9tel k\u00e9sz\u00edt\u00e9se, valamint a szem\u00e9ly azonos\u00edt\u00e1s\u00e1ra alkalmas fizikai jellemz\u0151k (pl. ujj- vagy teny\u00e9rnyomat, DNS-minta, \u00edriszk\u00e9p) r\u00f6gz\u00edt\u00e9se;<\/li><li>Adattov\u00e1bb\u00edt\u00e1s:az adat meghat\u00e1rozott harmadik szem\u00e9ly sz\u00e1m\u00e1ra t\u00f6rt\u00e9n\u0151 hozz\u00e1f\u00e9rhet\u0151v\u00e9 t\u00e9tele;<\/li><li>\u2013\u00a0Nyilv\u00e1noss\u00e1gra hozatal:az adat b\u00e1rki sz\u00e1m\u00e1ra t\u00f6rt\u00e9n\u0151 hozz\u00e1f\u00e9rhet\u0151v\u00e9 t\u00e9tele;<\/li><li>Adatt\u00f6rl\u00e9s:az adat felismerhetetlenn\u00e9 t\u00e9tele oly m\u00f3don, hogy a helyre\u00e1ll\u00edt\u00e1sa t\u00f6bb\u00e9 nem lehets\u00e9ges;<\/li><li>Adatz\u00e1rol\u00e1s:az adat azonos\u00edt\u00f3 jelz\u00e9ssel ell\u00e1t\u00e1sa tov\u00e1bbi kezel\u00e9s\u00e9nek v\u00e9gleges vagy meghat\u00e1rozott id\u0151re t\u00f6rt\u00e9n\u0151 korl\u00e1toz\u00e1sa c\u00e9lj\u00e1b\u00f3l;<\/li><li>Adatmegjel\u00f6l\u00e9s:\u00a0az adat azonos\u00edt\u00f3 jelz\u00e9ssel ell\u00e1t\u00e1sa annak megk\u00fcl\u00f6nb\u00f6ztet\u00e9se c\u00e9lj\u00e1b\u00f3l;<\/li><li>Adatmegsemmis\u00edt\u00e9s:az adatot tartalmaz\u00f3 adathordoz\u00f3 teljes fizikai megsemmis\u00edt\u00e9se;<\/li><li>Adatfeldolgoz\u00e1s:az adatkezel\u00e9si m\u0171veletekhez kapcsol\u00f3d\u00f3 technikai feladatok elv\u00e9gz\u00e9se, f\u00fcggetlen\u00fcl a m\u0171veletek v\u00e9grehajt\u00e1s\u00e1hoz alkalmazott m\u00f3dszert\u0151l \u00e9s eszk\u00f6zt\u0151l, valamint az alkalmaz\u00e1s hely\u00e9t\u0151l, felt\u00e9ve hogy a technikai feladatot az adaton v\u00e9gzik;<\/li><li>Adatfeldolgoz\u00f3:az a term\u00e9szetes vagy jogi szem\u00e9ly, illetve jogi szem\u00e9lyis\u00e9ggel nem rendelkez\u0151 szervezet, aki vagy amely szerz\u0151d\u00e9s alapj\u00e1n \u2013 bele\u00e9rtve a jogszab\u00e1ly rendelkez\u00e9se alapj\u00e1n k\u00f6t\u00f6tt szerz\u0151d\u00e9st is \u2013 adatok feldolgoz\u00e1s\u00e1t v\u00e9gzi;<\/li><li>Adat\u00e1llom\u00e1ny:az egy nyilv\u00e1ntart\u00e1sban kezelt adatok \u00f6sszess\u00e9ge;<\/li><li>Harmadik szem\u00e9ly:\u00a0olyan term\u00e9szetes vagy jogi szem\u00e9ly, illetve jogi szem\u00e9lyis\u00e9ggel nem rendelkez\u0151 szervezet, aki vagy amely nem azonos az \u00e9rintettel, az adatkezel\u0151vel vagy az adatfeldolgoz\u00f3val;<\/li><li>EGT-\u00e1llam:\u00a0az Eur\u00f3pai Uni\u00f3 tag\u00e1llama \u00e9s az Eur\u00f3pai Gazdas\u00e1gi T\u00e9rs\u00e9gr\u0151l sz\u00f3l\u00f3 meg\u00e1llapod\u00e1sban r\u00e9szes m\u00e1s \u00e1llam, tov\u00e1bb\u00e1 az az \u00e1llam, amelynek \u00e1llampolg\u00e1ra az Eur\u00f3pai Uni\u00f3 \u00e9s tag\u00e1llamai, valamint az Eur\u00f3pai Gazdas\u00e1gi T\u00e9rs\u00e9gr\u0151l sz\u00f3l\u00f3 meg\u00e1llapod\u00e1sban nem r\u00e9szes \u00e1llam k\u00f6z\u00f6tt l\u00e9trej\u00f6tt nemzetk\u00f6zi szerz\u0151d\u00e9s alapj\u00e1n az Eur\u00f3pai Gazdas\u00e1gi T\u00e9rs\u00e9gr\u0151l sz\u00f3l\u00f3 meg\u00e1llapod\u00e1sban r\u00e9szes \u00e1llam \u00e1llampolg\u00e1r\u00e1val azonos jog\u00e1ll\u00e1st \u00e9lvez;<\/li><li>Harmadik orsz\u00e1g:minden olyan \u00e1llam, amely nem EGT-\u00e1llam;<\/li><li>Adatv\u00e9delmi incidens:szem\u00e9lyes adat jogellenes kezel\u00e9se vagy feldolgoz\u00e1sa, \u00edgy k\u00fcl\u00f6n\u00f6sen a jogosulatlan hozz\u00e1f\u00e9r\u00e9s, megv\u00e1ltoztat\u00e1s, tov\u00e1bb\u00edt\u00e1s, nyilv\u00e1noss\u00e1gra hozatal, t\u00f6rl\u00e9s vagy megsemmis\u00edt\u00e9s, valamint a v\u00e9letlen megsemmis\u00fcl\u00e9s \u00e9s s\u00e9r\u00fcl\u00e9s.<\/li><li>Adatkezel\u00e9s korl\u00e1toz\u00e1sa:\u00a0a t\u00e1rolt szem\u00e9lyes adatok megjel\u00f6l\u00e9se j\u00f6v\u0151beli kezel\u00e9s\u00fck korl\u00e1toz\u00e1sa c\u00e9lj\u00e1b\u00f3l;<\/li><li>Harmadik f\u00e9l:az a term\u00e9szetes vagy jogi szem\u00e9ly, k\u00f6zhatalmi szerv, \u00fcgyn\u00f6ks\u00e9g vagy b\u00e1rmely egy\u00e9b szerv, amely nem azonos az \u00e9rintettel, az adatkezel\u0151vel, az adatfeldolgoz\u00f3val vagy azokkal a szem\u00e9lyekkel, akik az adatkezel\u0151 vagy adatfeldolgoz\u00f3 k\u00f6zvetlen ir\u00e1ny\u00edt\u00e1sa alatt a szem\u00e9lyes adatok kezel\u00e9s\u00e9re felhatalmaz\u00e1st kaptak;<\/li><\/ul><p>Amennyiben a mindenkori hat\u00e1lyos adatv\u00e9delmi jogszab\u00e1ly (jelen t\u00e1j\u00e9koztat\u00f3 megalkot\u00e1sakor az Infotv, GDPR) fogalommagyar\u00e1zatai elt\u00e9rnek jelen fogalommagyar\u00e1zatait\u00f3l, akkor a jogszab\u00e1ly \u00e9s a rendelet \u00e1ltal meghat\u00e1rozott fogalmak az ir\u00e1nyad\u00f3ak.<\/p><p>Az Adatkezel\u0151 a tudom\u00e1ny \u00e9s technol\u00f3gia \u00e1ll\u00e1sa \u00e9s a megval\u00f3s\u00edt\u00e1s k\u00f6lts\u00e9gei, tov\u00e1bb\u00e1 az adatkezel\u00e9s jellege, hat\u00f3k\u00f6re, k\u00f6r\u00fclm\u00e9nyei \u00e9s c\u00e9ljai, valamint a term\u00e9szetes szem\u00e9lyek jogaira \u00e9s szabads\u00e1gaira jelentett, v\u00e1ltoz\u00f3 val\u00f3sz\u00edn\u0171s\u00e9g\u0171 \u00e9s s\u00falyoss\u00e1g\u00fa kock\u00e1zat figyelembev\u00e9tel\u00e9vel\u00a0megfelel\u0151 technikai \u00e9s szervez\u00e9si int\u00e9zked\u00e9seket hajt v\u00e9gre\u00a0annak \u00e9rdek\u00e9ben, hogy a kock\u00e1zat m\u00e9rt\u00e9k\u00e9nek megfelel\u0151 szint\u0171 adatbiztons\u00e1got garant\u00e1lja.<\/p><p>Az al\u00e1bbiakban t\u00e1j\u00e9koztat\u00e1si k\u00f6telezetts\u00e9g\u00fcnknek a k\u00f6vetkez\u0151k szerint tesz\u00fcnk eleget:<\/p><p>Az Adatkezel\u0151 adatai:<\/p><p>A\u00a0<a href=\"http:\/\/www.2gether.hu\/\">www.2gether.hu<\/a>\u00a0weboldal \u00fczemeltet\u0151je H\u00f3di \u00c9va E.V.<\/p><p>Az adatkezel\u0151 neve: H\u00f3di \u00c9va E.V.<\/p><p>Sz\u00e9khely: 4400 Ny\u00edregyh\u00e1za Ferenc krt. 22 7\/58<\/p><p>Nyilv\u00e1ntart\u00e1si sz\u00e1m : 54905816<\/p><p>Ad\u00f3sz\u00e1m: 56270684 &#8211; 1 &#8211; 35<\/p><p>Kapcsolatfelv\u00e9tel, \u00e1raj\u00e1nlat k\u00e9r\u00e9s (\u00fczenet k\u00fcld\u00e9se a weboldalr\u00f3l):<\/p><p>A weboldalon kereszt\u00fcl k\u00fcldhet nek\u00fcnk \u00fczenetet, amit mi nem tov\u00e1bb\u00edtunk. Nev\u00e9t \u00e9s e-mail c\u00edm\u00e9t k\u00e9rj\u00fck megadni, hogy k\u00e9rd\u00e9s\u00e9re v\u00e1laszunkat k\u00fcldeni tudjuk.<\/p><p>Az adatkezel\u00e9s c\u00e9lja: Kapcsolatfelv\u00e9tel<\/p><p>Az adatkezel\u00e9s jogalapja: \u00e9rintett hozz\u00e1j\u00e1rul\u00e1sa<\/p><p>Az \u00e9rintett adatok t\u00e1rol\u00e1s\u00e1nak id\u0151tartama: 30 nap<\/p><p>Hozz\u00e1j\u00e1rul\u00e1s t\u00e1rgy\u00e1ban \u00e9rintett adatok: n\u00e9v, e-mail c\u00edm<\/p><p>Megrendel\u00e9s:<\/p><p>A weboldalon megrendelheti a kiv\u00e1lasztott term\u00e9keket, amit szem\u00e9lyesen illetve megadott c\u00edmre sz\u00e1ll\u00edt\u00e1ssal is \u00e1tvehet. Sz\u00e1ll\u00edt\u00e1s ig\u00e9nyl\u00e9se eset\u00e9n tov\u00e1bb\u00edtjuk a szem\u00e9lyes adatokat a sz\u00e1ll\u00edt\u00f3 c\u00e9gnek.<\/p><p>Az adatkezel\u00e9s c\u00e9lja: v\u00e1lasztott term\u00e9kek megrendel\u00e9se<\/p><p>Az adatkezel\u00e9s jogalapja: \u00e9rintett hozz\u00e1j\u00e1rul\u00e1sa<\/p><p>Az \u00e9rintett adatok t\u00e1rol\u00e1s\u00e1nak id\u0151tartama: a sz\u00e1mla t\u00e1rol\u00e1s\u00e1val megegyez\u0151 ideig<\/p><p>Hozz\u00e1j\u00e1rul\u00e1s t\u00e1rgy\u00e1ban \u00e9rintett adatok: n\u00e9v, e-mail c\u00edm, sz\u00e1ml\u00e1z\u00e1si c\u00edm, sz\u00e1ll\u00edt\u00e1si c\u00edm, telefonsz\u00e1m<\/p><p>Sz\u00e1ml\u00e1z\u00e1s:<\/p><p>V\u00e1s\u00e1rl\u00e1s eset\u00e9n a 2007. \u00e9vi CXXVII. t\u00f6rv\u00e9nynek megfelel\u0151en sz\u00e1ml\u00e1t \u00e1ll\u00edtunk ki a megv\u00e1s\u00e1rolt term\u00e9k(ek)r\u0151l.<\/p><p>Az adatkezel\u00e9s c\u00e9lja: sz\u00e1mla ki\u00e1ll\u00edt\u00e1sa<\/p><p>Az adatkezel\u00e9s jogalapja: a sz\u00e1mla ki\u00e1ll\u00edt\u00e1sa jogi k\u00f6telezetts\u00e9g 2007. \u00e9vi CXXVII. t\u00f6rv\u00e9ny<\/p><p>Az \u00e9rintett adatok t\u00e1rol\u00e1s\u00e1nak id\u0151tartama: a hat\u00e1lyos vonatkoz\u00f3 t\u00f6rv\u00e9ny szerint meghat\u00e1rozott ideig<\/p><p>Hozz\u00e1j\u00e1rul\u00e1s t\u00e1rgy\u00e1ban \u00e9rintett adatok: n\u00e9v, c\u00edm, ad\u00f3sz\u00e1m<\/p><p>Adatok tov\u00e1bb\u00edt\u00e1sa:<\/p><p>K-boss kft.<\/p><p>1031 Budapest, Z\u00e1hony utca 7.<\/p><p><a href=\"https:\/\/www.szamlazz.hu\/\">https:\/\/www.szamlazz.hu\/<\/a><\/p><p>Weboldalon haszn\u00e1lt cookie-k:<\/p><p>Weboldalunkon s\u00fctiket (azaz cookie-kat) haszn\u00e1lunk. A s\u00fcti egy kis sz\u00f6veges f\u00e1jl, amelyet az \u00d6n g\u00e9p\u00e9n b\u00f6ng\u00e9sz\u0151je egy erre kiv\u00e1lasztott k\u00f6nyvt\u00e1rban helyez el. Ennek r\u00e9v\u00e9n jutnak el hozz\u00e1nk vagy a harmadik szolg\u00e1ltat\u00f3hoz a weboldalunk haszn\u00e1lat\u00e1val kapcsolatos inform\u00e1ci\u00f3k.<\/p><p>A kor\u00e1bban m\u00e1r telep\u00edtett s\u00fctiket \u00d6n b\u00e1rmikor saj\u00e1t maga is t\u00f6r\u00f6lheti az internetes b\u00f6ng\u00e9sz\u0151j\u00e9ben. Ezen k\u00edv\u00fcl lehet\u0151s\u00e9ge van arra is, hogy a s\u00fctik haszn\u00e1lat\u00e1t az \u00d6n \u00e1ltal haszn\u00e1lt internetes b\u00f6ng\u00e9sz\u0151 megfelel\u0151 be\u00e1ll\u00edt\u00e1saival teljesen vagy r\u00e9szben megakad\u00e1lyozza. Fontolja meg azonban, hogy amennyiben internetes b\u00f6ng\u00e9sz\u0151j\u00e9ben nem enged\u00e9lyezi a s\u00fctik haszn\u00e1lat\u00e1t, akkor esetlegesen nem fogja tudni haszn\u00e1lni m\u00e1sok online aj\u00e1nlatainak valamennyi funkci\u00f3j\u00e1t.<\/p><p>T\u00e1j\u00e9koztatjuk, hogy \u00d6n, mint term\u00e9szetes szem\u00e9lynek az adatkezel\u00e9s sor\u00e1n EU \u00e1ltal\u00e1nos adatv\u00e9delmi rendelete (EU GDPR) \u00e9rtelm\u00e9ben \u00e9rintettk\u00e9nt az al\u00e1bbi jogokkal rendelkezik szem\u00e9lyes adatainak kezel\u00e9s\u00e9vel kapcsolatban:<\/p><ul><li>az EU GDPR 13. \u00e9s 14. cikke szerinti t\u00e1j\u00e9koztat\u00e1shoz val\u00f3 jog<\/li><li>az EU GDPR 15. cikke szerinti hozz\u00e1f\u00e9r\u00e9si jog<\/li><li>az EU GDPR 16. cikke szerinti helyesb\u00edt\u00e9shez val\u00f3 jog<\/li><li>az EU GDPR 17. cikke szerinti t\u00f6rl\u00e9shez val\u00f3 jog<\/li><li>az EU GDPR 18. cikke szerinti adatkezel\u00e9s korl\u00e1toz\u00e1s\u00e1hoz val\u00f3 jog<\/li><li>az EU GDPR 20. cikke szerinti adathordozhat\u00f3s\u00e1ghoz val\u00f3 jog<\/li><\/ul><p>Panaszt jogosult beny\u00fajtani a k\u00f6vetkez\u0151 el\u00e9rhet\u0151s\u00e9gek valamelyik\u00e9n:<\/p><p>Nemzeti Adatv\u00e9delmi \u00e9s Inform\u00e1ci\u00f3szabads\u00e1g Hat\u00f3s\u00e1g<\/p><p>Sz\u00e9khely: 1125 Budapest Szil\u00e1gyi Erzs\u00e9bet fasor 22\/c<\/p><p>Postac\u00edm:1530 Budapest, Pf.: 5.<\/p><p>Telefonsz\u00e1m: +36 (1) 391-1400<\/p><p>K\u00f6zponti elektronikus lev\u00e9lc\u00edm:\u00a0<a href=\"mailto:ugyfelszolgalat@naih.hu\">ugyfelszolgalat@naih.hu<\/a><\/p><p>Amennyiben b\u00e1rmilyen k\u00e9r\u00e9se vagy k\u00e9rd\u00e9se van az adatkezel\u00e9ssel kapcsolatban, azt elektronikusan a\u00a0<a href=\"mailto:info@2gether.com\">info@2gether.com<\/a>\u00a0c\u00edmre k\u00fcldheti. V\u00e1laszainkat k\u00e9sedelem n\u00e9lk\u00fcl, de legfeljebb 25 napon bel\u00fcl k\u00fcldj\u00fck az \u00d6n \u00e1ltal meghat\u00e1rozott c\u00edmre.<\/p>\t\t\t\t\t\t\t\t<\/div>\n\t\t\t\t<\/div>\n\t\t\t\t\t<\/div>\n\t\t\t\t<\/div>\n\t\t\t\t<\/div>\n\t\t","protected":false},"excerpt":{"rendered":"<p>Adatkezel\u00e9si t\u00e1j\u00e9koztat\u00f3 Jelen t\u00e1j\u00e9koztat\u00f3, H\u00f3di \u00c9va E.V. \u00e1ltal \u00fczemeltett\u00a0www.2gether.hu weboldalon (tov\u00e1bbiakban: weboldal) t\u00f6rt\u00e9n\u0151 szem\u00e9lyes adatok kezel\u00e9s\u00e9r\u0151l, v\u00e9delm\u00e9r\u0151l ny\u00fajt t\u00e1j\u00e9koztat\u00e1st. H\u00f3di \u00c9va E.V. (tov\u00e1bbiakban: Adatkezel\u0151) a weboldalon szerepl\u0151 szem\u00e9lyes adatokat a General Data Protection Regulation Az EUR\u00d3PAI PARLAMENT \u00c9S TAN\u00c1CS (EU) 2016\/679. RENDELETE \u00e9s a 2011. \u00e9vi CXII. tv. az inform\u00e1ci\u00f3s \u00f6nrendelkez\u00e9si jogr\u00f3l \u00e9s az inform\u00e1ci\u00f3szabads\u00e1gr\u00f3l [&hellip;]<\/p>\n","protected":false},"author":1,"featured_media":0,"parent":0,"menu_order":0,"comment_status":"closed","ping_status":"closed","template":"elementor_header_footer","meta":{"footnotes":""},"class_list":["post-123","page","type-page","status-publish","hentry"],"yoast_head":"<!-- This site is optimized with the Yoast SEO plugin v26.0 - https:\/\/yoast.com\/wordpress\/plugins\/seo\/ -->\n<title>Adatkezel\u00e9s -<\/title>\n<meta name=\"robots\" content=\"index, follow, max-snippet:-1, max-image-preview:large, max-video-preview:-1\" \/>\n<link rel=\"canonical\" href=\"https:\/\/2gether.hu\/?page_id=123\" \/>\n<meta property=\"og:locale\" content=\"hu_HU\" \/>\n<meta property=\"og:type\" content=\"article\" \/>\n<meta property=\"og:title\" content=\"Adatkezel\u00e9s -\" \/>\n<meta property=\"og:description\" content=\"Adatkezel\u00e9si t\u00e1j\u00e9koztat\u00f3 Jelen t\u00e1j\u00e9koztat\u00f3, H\u00f3di \u00c9va E.V. \u00e1ltal \u00fczemeltett\u00a0www.2gether.hu weboldalon (tov\u00e1bbiakban: weboldal) t\u00f6rt\u00e9n\u0151 szem\u00e9lyes adatok kezel\u00e9s\u00e9r\u0151l, v\u00e9delm\u00e9r\u0151l ny\u00fajt t\u00e1j\u00e9koztat\u00e1st. H\u00f3di \u00c9va E.V. (tov\u00e1bbiakban: Adatkezel\u0151) a weboldalon szerepl\u0151 szem\u00e9lyes adatokat a General Data Protection Regulation Az EUR\u00d3PAI PARLAMENT \u00c9S TAN\u00c1CS (EU) 2016\/679. RENDELETE \u00e9s a 2011. \u00e9vi CXII. tv. az inform\u00e1ci\u00f3s \u00f6nrendelkez\u00e9si jogr\u00f3l \u00e9s az inform\u00e1ci\u00f3szabads\u00e1gr\u00f3l [&hellip;]\" \/>\n<meta property=\"og:url\" content=\"https:\/\/2gether.hu\/?page_id=123\" \/>\n<meta property=\"article:publisher\" content=\"https:\/\/www.facebook.com\/profile.php?id=100088442951905\" \/>\n<meta property=\"article:modified_time\" content=\"2025-09-25T11:04:11+00:00\" \/>\n<meta name=\"twitter:card\" content=\"summary_large_image\" \/>\n<meta name=\"twitter:label1\" content=\"Becs\u00fclt olvas\u00e1si id\u0151\" \/>\n\t<meta name=\"twitter:data1\" content=\"7 perc\" \/>\n<script type=\"application\/ld+json\" class=\"yoast-schema-graph\">{\"@context\":\"https:\/\/schema.org\",\"@graph\":[{\"@type\":\"WebPage\",\"@id\":\"https:\/\/2gether.hu\/?page_id=123\",\"url\":\"https:\/\/2gether.hu\/?page_id=123\",\"name\":\"Adatkezel\u00e9s -\",\"isPartOf\":{\"@id\":\"https:\/\/2gether.hu\/#website\"},\"datePublished\":\"2024-10-30T08:52:20+00:00\",\"dateModified\":\"2025-09-25T11:04:11+00:00\",\"breadcrumb\":{\"@id\":\"https:\/\/2gether.hu\/?page_id=123#breadcrumb\"},\"inLanguage\":\"hu\",\"potentialAction\":[{\"@type\":\"ReadAction\",\"target\":[\"https:\/\/2gether.hu\/?page_id=123\"]}]},{\"@type\":\"BreadcrumbList\",\"@id\":\"https:\/\/2gether.hu\/?page_id=123#breadcrumb\",\"itemListElement\":[{\"@type\":\"ListItem\",\"position\":1,\"name\":\"Kezd\u0151lap\",\"item\":\"https:\/\/2gether.hu\/\"},{\"@type\":\"ListItem\",\"position\":2,\"name\":\"Adatkezel\u00e9s\"}]},{\"@type\":\"WebSite\",\"@id\":\"https:\/\/2gether.hu\/#website\",\"url\":\"https:\/\/2gether.hu\/\",\"name\":\"2gether.hu\",\"description\":\"\",\"publisher\":{\"@id\":\"https:\/\/2gether.hu\/#organization\"},\"potentialAction\":[{\"@type\":\"SearchAction\",\"target\":{\"@type\":\"EntryPoint\",\"urlTemplate\":\"https:\/\/2gether.hu\/?s={search_term_string}\"},\"query-input\":{\"@type\":\"PropertyValueSpecification\",\"valueRequired\":true,\"valueName\":\"search_term_string\"}}],\"inLanguage\":\"hu\"},{\"@type\":\"Organization\",\"@id\":\"https:\/\/2gether.hu\/#organization\",\"name\":\"2Gether\",\"url\":\"https:\/\/2gether.hu\/\",\"logo\":{\"@type\":\"ImageObject\",\"inLanguage\":\"hu\",\"@id\":\"https:\/\/2gether.hu\/#\/schema\/logo\/image\/\",\"url\":\"http:\/\/2gether.hu\/wp-content\/uploads\/2024\/10\/cropped-Original-Logo.png\",\"contentUrl\":\"http:\/\/2gether.hu\/wp-content\/uploads\/2024\/10\/cropped-Original-Logo.png\",\"width\":512,\"height\":512,\"caption\":\"2Gether\"},\"image\":{\"@id\":\"https:\/\/2gether.hu\/#\/schema\/logo\/image\/\"},\"sameAs\":[\"https:\/\/www.facebook.com\/profile.php?id=100088442951905\"]}]}<\/script>\n<!-- \/ Yoast SEO plugin. -->","yoast_head_json":{"title":"Adatkezel\u00e9s -","robots":{"index":"index","follow":"follow","max-snippet":"max-snippet:-1","max-image-preview":"max-image-preview:large","max-video-preview":"max-video-preview:-1"},"canonical":"https:\/\/2gether.hu\/?page_id=123","og_locale":"hu_HU","og_type":"article","og_title":"Adatkezel\u00e9s -","og_description":"Adatkezel\u00e9si t\u00e1j\u00e9koztat\u00f3 Jelen t\u00e1j\u00e9koztat\u00f3, H\u00f3di \u00c9va E.V. \u00e1ltal \u00fczemeltett\u00a0www.2gether.hu weboldalon (tov\u00e1bbiakban: weboldal) t\u00f6rt\u00e9n\u0151 szem\u00e9lyes adatok kezel\u00e9s\u00e9r\u0151l, v\u00e9delm\u00e9r\u0151l ny\u00fajt t\u00e1j\u00e9koztat\u00e1st. H\u00f3di \u00c9va E.V. (tov\u00e1bbiakban: Adatkezel\u0151) a weboldalon szerepl\u0151 szem\u00e9lyes adatokat a General Data Protection Regulation Az EUR\u00d3PAI PARLAMENT \u00c9S TAN\u00c1CS (EU) 2016\/679. RENDELETE \u00e9s a 2011. \u00e9vi CXII. tv. az inform\u00e1ci\u00f3s \u00f6nrendelkez\u00e9si jogr\u00f3l \u00e9s az inform\u00e1ci\u00f3szabads\u00e1gr\u00f3l [&hellip;]","og_url":"https:\/\/2gether.hu\/?page_id=123","article_publisher":"https:\/\/www.facebook.com\/profile.php?id=100088442951905","article_modified_time":"2025-09-25T11:04:11+00:00","twitter_card":"summary_large_image","twitter_misc":{"Becs\u00fclt olvas\u00e1si id\u0151":"7 perc"},"schema":{"@context":"https:\/\/schema.org","@graph":[{"@type":"WebPage","@id":"https:\/\/2gether.hu\/?page_id=123","url":"https:\/\/2gether.hu\/?page_id=123","name":"Adatkezel\u00e9s -","isPartOf":{"@id":"https:\/\/2gether.hu\/#website"},"datePublished":"2024-10-30T08:52:20+00:00","dateModified":"2025-09-25T11:04:11+00:00","breadcrumb":{"@id":"https:\/\/2gether.hu\/?page_id=123#breadcrumb"},"inLanguage":"hu","potentialAction":[{"@type":"ReadAction","target":["https:\/\/2gether.hu\/?page_id=123"]}]},{"@type":"BreadcrumbList","@id":"https:\/\/2gether.hu\/?page_id=123#breadcrumb","itemListElement":[{"@type":"ListItem","position":1,"name":"Kezd\u0151lap","item":"https:\/\/2gether.hu\/"},{"@type":"ListItem","position":2,"name":"Adatkezel\u00e9s"}]},{"@type":"WebSite","@id":"https:\/\/2gether.hu\/#website","url":"https:\/\/2gether.hu\/","name":"2gether.hu","description":"","publisher":{"@id":"https:\/\/2gether.hu\/#organization"},"potentialAction":[{"@type":"SearchAction","target":{"@type":"EntryPoint","urlTemplate":"https:\/\/2gether.hu\/?s={search_term_string}"},"query-input":{"@type":"PropertyValueSpecification","valueRequired":true,"valueName":"search_term_string"}}],"inLanguage":"hu"},{"@type":"Organization","@id":"https:\/\/2gether.hu\/#organization","name":"2Gether","url":"https:\/\/2gether.hu\/","logo":{"@type":"ImageObject","inLanguage":"hu","@id":"https:\/\/2gether.hu\/#\/schema\/logo\/image\/","url":"http:\/\/2gether.hu\/wp-content\/uploads\/2024\/10\/cropped-Original-Logo.png","contentUrl":"http:\/\/2gether.hu\/wp-content\/uploads\/2024\/10\/cropped-Original-Logo.png","width":512,"height":512,"caption":"2Gether"},"image":{"@id":"https:\/\/2gether.hu\/#\/schema\/logo\/image\/"},"sameAs":["https:\/\/www.facebook.com\/profile.php?id=100088442951905"]}]}},"jetpack_sharing_enabled":true,"_links":{"self":[{"href":"https:\/\/2gether.hu\/index.php?rest_route=\/wp\/v2\/pages\/123","targetHints":{"allow":["GET"]}}],"collection":[{"href":"https:\/\/2gether.hu\/index.php?rest_route=\/wp\/v2\/pages"}],"about":[{"href":"https:\/\/2gether.hu\/index.php?rest_route=\/wp\/v2\/types\/page"}],"author":[{"embeddable":true,"href":"https:\/\/2gether.hu\/index.php?rest_route=\/wp\/v2\/users\/1"}],"replies":[{"embeddable":true,"href":"https:\/\/2gether.hu\/index.php?rest_route=%2Fwp%2Fv2%2Fcomments&post=123"}],"version-history":[{"count":14,"href":"https:\/\/2gether.hu\/index.php?rest_route=\/wp\/v2\/pages\/123\/revisions"}],"predecessor-version":[{"id":2055,"href":"https:\/\/2gether.hu\/index.php?rest_route=\/wp\/v2\/pages\/123\/revisions\/2055"}],"wp:attachment":[{"href":"https:\/\/2gether.hu\/index.php?rest_route=%2Fwp%2Fv2%2Fmedia&parent=123"}],"curies":[{"name":"wp","href":"https:\/\/api.w.org\/{rel}","templated":true}]}}